 v**5/60 - 7*v**2. Let o(k) be the third derivative of w(k). What is o(-3)?
-2
Let x(u) = 2*u + 1. Let r = -55 + 59. What is x(r)?
9
Let w(s) = -s**3 - 9*s**2 - 12*s + 13. Suppose -2*p = 3341 - 3327. Calculate w(p).
-1
Let y(h) = 2*h + 1. Let q(z) = 26*z**2 - 6*z - 2. Let i(a) = q(a) + 3*y(a). Determine i(-1).
27
Let n(l) = 10*l + 1 + 1 + 2*l**2 + 18*l**3 - 8*l**3 - 9*l**3 + 6*l**2. Determine n(-7).
-19
Suppose 4*c = 5*c - 2. Let j(u) = 11*u**2 + 2 + 5*u - 14*u**2 + u**3 - 4*u. Calculate j(c).
0
Let l(v) = 1. Let t(b) = b**2 + 3*b - 1. Let c(n) = -2*l(n) - t(n). Let f(u) = -23*u + 619. Let y be f(27). Calculate c(y).
1
Let j = 28 + -10. Suppose 2*w = m + j, 5*w = -5*m - 34 + 4. Let l(b) = -b**2 - 8*b + 12. What is l(m)?
-8
Let v(x) = -x**2 + 2*x. Let r = 23 - 15. Suppose 5*y + 10 = 5*j, 5*j + 2*y - 2 = r. What is v(j)?
0
Let h = -57 + 59. Suppose -8 = 6*n - h. Let y(u) = -u**3 - u**2 - 2*u - 1. What is y(n)?
1
Let m(s) be the first derivative of -7*s**2 - 1. Let c = 18 - 29. Let t = c + 12. Calculate m(t).
-14
Let b(a) = a**3 - 16*a**2 + a - 11. Suppose -6*g = 318 - 414. Give b(g).
5
Let c(l) = l**3 + l**2 - l + 8. Let q = -380 - -380. What is c(q)?
8
Let d(v) be the third derivative of v**6/720 - 7*v**4/24 - 3*v**2. Let o(w) be the second derivative of d(w). Calculate o(1).
1
Let r(a) = a. Let v(f) = -6*f + 5. Let b(z) = -3*z - 7. Let g be b(-3). Let o(m) = g*v(m) + 14*r(m). Give o(-7).
-4
Let z(w) be the third derivative of w**6/120 + w**5/15 - 7*w**4/24 - 7*w**3/6 - 22*w**2. Let j be (45/(-18))/(1/2). Determine z(j).
3
Let u(z) = 4*z**3 + 0*z + 0*z**3 + 5 - 2*z - 3*z**2 - 7*z**3 + 2*z**3. Calculate u(-3).
11
Let u(g) = -g + 10. Let b = -887 - -892. Calculate u(b).
5
Let k(a) = a**2 + 19*a + 0*a**2 - 22*a + 0*a**2. Calculate k(3).
0
Let p(c) = -4*c**3 - 10*c**2 - 2*c + 5. Let o(a) = a**3 + a**2 - a - 1. Let k = 44 - 47. Let u(b) = k*o(b) - p(b). Give u(-6).
4
Let b(d) be the second derivative of d**3/6 + d**2/2 - 10*d. Let u(p) = p - 7. Let f be u(10). Let k = f - 2. Calculate b(k).
2
Let q(y) = -3*y - 10. Let s be q(-5). Suppose -4*o + 5*o - 3 = -2*u, -3*u + s*o = 15. Suppose 3*v + v - 4 = u. Let w(l) = -8*l**2 - 2*l + 1. What is w(v)?
-9
Let i(u) = 14*u + 7. Let y be i(0). Let t(c) = -c + 10. Give t(y).
3
Let z(f) = -f**3 + 4*f**2 + 2*f - 4. Let w be 111/39 + (-20)/(-130). Give z(w).
11
Let z be (1 - 1)/(-4 + 1). Let v(a) = -2*a - 3. Determine v(z).
-3
Let u(p) be the second derivative of -p**4/12 + p**3/3 + p**2 - p. Suppose -15*r + 14*r + 59 = 0. Let x = 57 - r. Calculate u(x).
-6
Let k(t) = 2*t - 8*t + 3 + 3*t + 2*t. Let d(x) = -x**3 - 6*x**2 + 8*x + 2. Let n be d(-7). Give k(n).
8
Let v be 5*((-93)/(-30) + -3)*8. Suppose x - 3 = w, -v*w + 6*x - x = 12. Let f(n) = -n - 5. Calculate f(w).
-2
Let f = -3 - 5. Let q = f + 10. Let n(i) = 2 - 2*i - q + 0. Give n(2).
-4
Let d(m) = -2*m + 4. Suppose 48 = -2*l + 78. Let q = 17 + -5. Let i = q - l. What is d(i)?
10
Suppose 3*x = -2*x - 15. Let c = 7 + -4. Let h(g) = 5*g**2 + 3 - 4 - 3*g**3 + c*g + 4*g**3 + 3. Determine h(x).
11
Let x(o) be the second derivative of o**5/20 + o**4/2 + o**3 - o**2 - 3*o + 12. Determine x(-5).
-7
Let d(i) = 2*i + 22. Let w be d(-9). Let m(h) = -6*h + 2 + h**2 + w - 2. Determine m(6).
4
Let d(y) = 4 - 1 + 7*y + y**2 - 2. Let a(p) = -2*p**2 - 5*p + 6. Suppose 5*n - 5*s + 12 + 8 = 0, n - 5*s = -4. Let f be a(n). Calculate d(f).
-5
Let y be 3/(-4) + (-77)/(-28) + -2. Let i be 1/2*2 + y/2. Let m(a) = 2*a**3 - 2*a**2 + a. Determine m(i).
1
Suppose 3*q = 4*c + 21, -3 = -3*q + 4*c - 6*c. Let m(h) be the first derivative of 1/3*h**q - 9/2*h**2 + 5 + 6*h. Determine m(5).
-14
Let h(k) = 4*k - k - 2*k. Suppose 55 = 5*w - 5*g, -w + 3*w = -3*g + 12. Suppose w*o = 59 - 5. Determine h(o).
6
Let f be (-103 - 9)/(-8) + -12. Let s(d) be the second derivative of 0 - 1/4*d**4 - 1/20*d**5 - 11*d - 1/2*d**f - 1/6*d**3. Determine s(-3).
2
Let w(l) = l**3 - 4*l**2 + l - 4. Let m be 2 - (84/4 + 1). Let b = 22 + m. Suppose 5*v - q = 22, 2*q - b = 3*q. What is w(v)?
0
Let t(l) be the second derivative of -l**3/3 + 5*l**2 + 112*l. Calculate t(7).
-4
Let a(b) = -12*b**2 + 32*b + 14. Let j(u) = 5*u**2 - 16*u - 8. Let k(p) = -2*a(p) - 5*j(p). Determine k(14).
40
Let f = 1 + 3. Suppose 0 = 4*y + h - 29, f*y = -5*h + h + 44. Let q(p) = -y*p**2 + 3*p - 3*p**3 + 4*p**3 - 2*p**3 - p + 7. What is q(-6)?
-5
Let o(u) be the second derivative of -1/12*u**4 - 2*u**2 + 5/6*u**3 + 0 - 12*u. What is o(4)?
0
Let w(o) = o**2 - 4*o - 15. Let s be w(9). Let x = s - 32. Let n(d) = -d**2 - 6*d - 3. Determine n(x).
5
Let v(h) = h**2 + 6*h. Suppose -12*z - 80 = -2*z. What is v(z)?
16
Let p = -13 - -19. Let m(b) = -9*b**2 - b**3 + 6 + 2 - p*b + 1 + 0*b**2. Calculate m(-8).
-7
Let o(j) be the third derivative of j**5/60 + j**4/12 + j**3/6 - 32*j**2. Let m be 6/8 - 23/4. Calculate o(m).
16
Let t be 0 + 7 + (57 - 63). Let h(w) = -w**2 + 5*w - 3. Give h(t).
1
Suppose 0 = 5*a - 4*a + 1. Let j(i) = 5 - 4 + 12*i**2 - 1 - i. What is j(a)?
13
Let v(i) be the third derivative of -i**5/30 + i**4/4 - i**3 - 34*i**2. Calculate v(5).
-26
Let i(v) be the second derivative of 0*v**2 + 1/3*v**3 + 0 + 4*v. Let f(b) = -b**2 - 4*b + 1. Let m be f(-4). What is i(m)?
2
Let g(z) = 36*z - 2. Let x be g(0). Let s(i) = i**3 + i**2 + 3*i + 2. What is s(x)?
-8
Suppose -26 = d - 14*d. Let s(r) = 6*r - 21. Let o(m) = m - 3. Let w(f) = 15*o(f) - 2*s(f). Determine w(d).
3
Let u(d) = 13*d**3 - 32*d**2 + 15*d + 4. Let x(o) = 3*o**3 - 8*o**2 + 4*o + 1. Let w(b) = -2*u(b) + 9*x(b). What is w(7)?
-6
Let r(v) = -4*v**2 - 3*v + 4. Let i be 1/(-1)*(-30 - -33). Give r(i).
-23
Suppose -15*j = n - 13*j - 3, 0 = -j + 5. Let w(s) = s**2 + 9*s + 4. Calculate w(n).
-10
Let o = 15 - 13. Let l(f) = 12*f + f**o - 33*f + 16*f. Suppose -4*x + 18 = -2. What is l(x)?
0
Let j(q) be the third derivative of -q**4/24 - q**3/6 + 41*q**2. Let s = 3 + -7. What is j(s)?
3
Let a be (-1 - (-6)/(-4))*2. Let x(s) = s - 1. Let c(p) = -85 + 41 + 37 + 5*p + p**2. Let v(i) = -c(i) + 2*x(i). What is v(a)?
-5
Let c(p) = 2 + p - p - 2*p + p. Let k(l) = l - 1. Let y be k(-1). Determine c(y).
4
Let a be 195/26 - 1*1/(-2). Suppose 2*d + 6*d + a = 0. Let s(q) = -4*q - 1 + 8*q - q. What is s(d)?
-4
Let r be 6/(-14) - (-1 + 81/7). Let h(z) = z + 9. Determine h(r).
-2
Let y(s) = -s - 10. Let j = -57 + 68. Let c be j/((-220)/224) + (-3)/(-15). Give y(c).
1
Let d(j) = -2*j**2 + 2*j + 2. Let n(h) = 6*h + 5. Let y be n(-13). Let b = y - -49. Let v be ((-16)/b)/(2/6). Calculate d(v).
-2
Suppose 4*b - 2*w = -80, -26*w + 8 = -24*w. Let p(l) = -l - 11. Calculate p(b).
7
Let y(p) = -17*p. Let o be y(0). Let s(f) = -f - 4. Give s(o).
-4
Let k be ((-114)/12 - -7)*2. Let j(m) = m**3 + 4*m**2 - 6*m - 4. Determine j(k).
1
Let f(t) be the third derivative of t**5/60 + 11*t**3/6 - t**2. Suppose 192*p - 175*p = 0. Determine f(p).
11
Let j = -3 + 5. Let v(t) = -4*t**2 + 5*t**j - t + 12 + 2*t. Suppose 0 + 0 = -4*x. Give v(x).
12
Let j(v) = -17*v**3 + 4*v**2 + 3*v - 5. Let d(n) = 33*n**3 - 6*n**2 - 5*n + 8. Let w(a) = 3*d(a) + 5*j(a). What is w(-1)?
-13
Let p be 3 - (5 - (0 + -2)). Suppose -2*y - 5 = -37. Let d be (y/(-10))/p*5. Let i(f) = -2*f**3 + f**2 + 2. Calculate i(d).
-10
Let v(a) be the third derivative of a**6/120 - a**5/15 + 5*a**4/8 - 41*a**3/6 + a**2 + 11. Determine v(3).
-5
Let c(l) = -20*l**3 + l - 3. Let b(x) = 29*x**3 - x + 4. Let s(q) = 5*b(q) + 7*c(q). Determine s(1).
6
Suppose 0 = 5*f + f - 54. Suppose -3*z + 0*z = -4*y + f, -5*z + 4*y = 23. Let j(u) = -u**2 - 8*u - 4. What is j(z)?
3
Suppose 0 = -s - 5*z - 3, s = 3*z - 2*z + 9. Suppose -25 = -2*u + s*u. Let m(b) = -b**3 - 5*b**2 + b - 7. Calculate m(u).
-12
Let k(x) = 4*x - 3*x - 6*x + 0*x**2 - x**2. What is k(-6)?
-6
Let z(n) = -1 - 3*n**2 + 5 - n**3 + 16*n**2 + 18*n + 0*n**2 - 30*n. Calculate z(12).
4
Let z(n) = 7*n**2 - 4*n**2 - 16*n**2 - 10*n + 5*n**2 - 8 + 4*n**3 - 5*n**3. What is z(-7)?
13
Let o(p) = 4*p**2 + 17*p - 19. Let k(u) = u**2 + 2*u - 1. Let f(y) = 5*k(y) - o(y). Calculate f(5).
4
Let m(k) be the second derivative of -k**6/360 - k**5/40 - 5*k**4/3 + 15*k. Let s(y) be the third derivative of m(y). Give s(-3).
3
Let k(r) = 0 - 1 - 8*r + 19*r + 0. Give k(-1).
-12
Let k(p) = -2*p + 4 - 2 - 1 - 6*p**2 - 2. Suppose 0 = -2*i - 0*i - 6.